factors of 286247519.
167, 1714057
List the prime factors of 4429005053.
11, 17, 1091, 1277
What are the prime factors of 354951755?
5, 17, 23, 47, 3863
What are the prime factors of 26679302?
2, 13, 1026127
What are the prime factors of 56686242?
2, 3, 29, 325783
What are the prime factors of 669377969?
13, 53, 971521
List the prime factors of 628954317.
3, 69883813
List the prime factors of 465787403.
17, 3121, 8779
What are the prime factors of 195207047?
7, 281, 99241
List the prime factors of 1402338404.
2, 13469, 26029
What are the prime factors of 1959031706?
2, 659, 1486367
What are the prime factors of 737018771?
737018771
List the prime factors of 20791183.
7, 197, 15077
What are the prime factors of 167037051?
3, 55679017
List the prime factors of 319051178.
2, 127, 1256107
What are the prime factors of 697278929?
19, 29, 1265479
What are the prime factors of 771624?
2, 3, 7, 1531
List the prime factors of 112888879.
73, 1546423
What are the prime factors of 4992126746?
2, 24923, 100151
What are the prime factors of 2394138627?
3, 499, 59233
What are the prime factors of 5308238815?
5, 11, 67, 1440499
List the prime factors of 2532168.
2, 3, 19, 617
List the prime factors of 2913954.
2, 3, 19, 25561
List the prime factors of 21737485.
5, 7, 11, 131, 431
What are the prime factors of 1122688298?
2, 107, 1973, 2659
List the prime factors of 57528261.
3, 7, 743, 1229
What are the prime factors of 43264320?
2, 3, 5, 11, 17, 241
List the prime factors of 357629331.
3, 167, 713831
List the prime factors of 46421498.
2, 23, 1009163
What are the prime factors of 14779164?
2, 3, 1231597
List the prime factors of 939237087.
3, 313079029
What are the prime factors of 49013099?
229, 214031
What are the prime factors of 427066492?
2, 106766623
List the prime factors of 1303764484.
2, 11, 29, 1021759
List the prime factors of 1764335243.
11, 14581283
List the prime factors of 26552218.
2, 7, 11, 24631
List the prime factors of 726008437.
7, 11, 31, 304151
What are the prime factors of 345045367?
345045367
What are the prime factors of 272986957?
593, 460349
List the prime factors of 80581470.
2, 3, 5, 19, 141371
What are the prime factors of 72461580?
2, 3, 5, 191, 6323
What are the prime factors of 13786775?
5, 23, 23977
List the prime factors of 16303577.
19, 858083
List the prime factors of 208011455.
5, 1049, 39659
What are the prime factors of 484957348?
2, 41, 2957057
List the prime factors of 149302811.
7, 79, 269987
List the prime factors of 202130571.
3, 31, 2173447
List the prime factors of 25856195.
5, 5171239
What are the prime factors of 42864523?
13, 29, 67, 1697
What are the prime factors of 23949930?
2, 3, 5, 798331
List the prime factors of 63317243.
11, 41, 12763
List the prime factors of 79702029.
3, 11, 101, 2657
List the prime factors of 37136161.
37136161
What are the prime factors of 46453369?
41, 1133009
List the prime factors of 492736467.
3, 61, 2692549
List the prime factors of 848936420.
2, 5, 1667, 25463
List the prime factors of 532355460.
2, 3, 5, 7, 13, 97501
List the prime factors of 250405530.
2, 3, 5, 1163, 7177
What are the prime factors of 70478649?
3, 7830961
List the prime factors of 311353012.
2, 199, 599, 653
List the prime factors of 5496577443.
3, 7, 87247261
What are the prime factors of 11527747?
7, 11, 149711
List the prime factors of 63359034.
2, 3, 17, 19, 32693
What are the prime factors of 11510447?
13, 19, 46601
List the prime factors of 311793683.
311793683
List the prime factors of 49199942.
2, 11, 389, 5749
What are the prime factors of 49531762?
2, 7, 3537983
What are the prime factors of 33489784?
2, 41, 102103
List the prime factors of 115939891.
115939891
List the prime factors of 1997029242.
2, 3, 13, 673, 1409
What are the prime factors of 7902905392?
2, 31, 15933277
What are the prime factors of 3895558973?
3895558973
What are the prime factors of 28521167?
28521167
List the prime factors of 108652075.
5, 7, 620869
What are the prime factors of 76981472?
2, 181, 13291
What are the prime factors of 32899859?
43, 47, 73, 223
List the prime factors of 1145883124.
2, 47, 1789, 3407
What are the prime factors of 372127180?
2, 5, 83, 373, 601
List the prime factors of 34358602.
2, 31, 554171
What are the prime factors of 58410131?
13, 67, 67061
What are the prime factors of 1242856228?
2, 3709, 83773
List the prime factors of 4818439578.
2, 3, 22739, 35317
What are the prime factors of 172306700?
2, 5, 47, 61, 601
What are the prime factors of 153943917?
3, 51314639
What are the prime factors of 46350671?
19, 29, 84121
What are the prime factors of 697034885?
5, 139406977
List the prime factors of 7603205.
5, 113, 13457
List the prime factors of 181421247.
3, 7, 8639107
List the prime factors of 116570162.
2, 43, 509, 2663
What are the prime factors of 224647088?
2, 14040443
What are the prime factors of 596663463?
3, 11, 1643701
What are the prime factors of 258092514?
2, 3, 4779491
List the prime factors of 9489899.
9489899
List the prime factors of 13015194.
2, 3, 23, 37, 2549
List the prime factors of 1054791212.
2, 263697803
What are the prime factors of 63718998?
2, 3, 7, 281, 5399
List the prime factors of 76376730.
2, 3, 5, 2545891
List the prime factors of 219196022.
2, 53, 2067887
List the prime factors of 5109621.
3, 11, 67, 2311
What are the prime factors of 16531553?
16531553
What are the prime factors of 488852320?
2, 5, 11, 277757
List the prime factors of 11915772.
2, 3, 11, 90271
What are the prime factors of 2297961192?
2, 3, 673, 142271
List the prime factors of 88747969.
1627, 54547
List the prime factors of 4826982836.
2, 13, 29, 3200917
List the prime factors of 113528038.
2, 13, 491, 8893
What are the prime factors of 142005203?
31, 373, 12281
What are the prime factors of 562009391?
37, 15189443
List the prime factors of 664027432.
2, 2789, 29761
What are the prime factors of 1377080539?
32159, 42821
List the prime factors of 1802813418.
2, 3, 7, 14308043
List the prime factors of 1990180977.
3, 4547, 145897
List the prime factors of 389400093.
3, 3163, 13679
What are the prime factors of 847429705?
5, 2351, 72091
What are the prime factors of 8738343?
3, 970927
List the prime factors of 145095838.
2, 211, 343829
List the prime factors of 74595837.
3, 24865279
What are the prime factors of 256265261?
7, 59, 719, 863
List the prime factors of 1588877382.
2, 3, 103, 163, 15773
What are the prime factors of 6333945128?
2, 7, 101, 1119863
List the prime factors of 389774281.
13, 1931, 15527
List the prime factors of 3784263200.
2, 5, 277, 17077
What are the prime factors of 1128173435?
5, 109, 2070043
List the prime factors of 7961739.
3, 2653913
What are the prime factors of 175160724?
2, 3, 17, 858631
What are the prime factors of 38617181?
311, 124171
List the prime factors of 3151975763.
17, 185410339
List the prime factors of 190918407.
3, 97, 656077
What are the prime factors of 339438943?
193, 823, 2137
List the prime factors of 44322879.
3, 151, 97843
List the prime factors of 1917839663.
59, 2617, 12421
List the prime factors of 2520122906.
2, 7, 11987, 15017
List the prime factors of 73439240.
2, 5, 7, 89, 421
List the prime factors of 724374340.
2, 5, 47, 770611
What are the prime factors of 247472975?
5, 2333, 4243
What are the prime factors of 93081174?
2, 3, 881, 17609
List the prime factors of 1664317696.
2, 6501241
List the prime factors of 4398508.
2, 1099627
List the prime factors of 2496620151.
3, 1141573
What are the prime factors of 34095438?
2, 3, 13, 17, 2857
List the prime factors of 487591521.
3, 743, 218749
List the prime factors of 32549847.
3, 11, 89669
List the prime factors of 210405182.
2, 13, 47, 172181
What are the prime factors of 91886146?
2, 11, 83, 50321
What are the prime factors of 5240130910?
2, 5, 7, 157, 3037
List the prime factors of 634086418.
2, 7, 6163, 7349
What are the prime factors of 16479598?
2, 29, 284131
List the prime factors of 252076422.
2, 3, 13, 97, 33317
What are the prime factors of 28912139?
139, 208001
What are the prime factors of 35957674?
2, 457, 39341
List the prime factors of 35622528.
2, 3, 92767
What are the prime factors of 134530712?
2, 131, 137, 937
List the prime factors of 891838531.
891838531
W